42750 is divided by 486.
468
What is the remainder when 215282 is divided by 214?
212
Calculate the remainder when 22832 is divided by 588.
488
Calculate the remainder when 6109 is divided by 45.
34
Calculate the remainder when 26923 is divided by 329.
274
What is the remainder when 1359 is divided by 673?
13
Calculate the remainder when 65543 is divided by 7282.
5
Calculate the remainder when 3642 is divided by 67.
24
What is the remainder when 7760 is divided by 45?
20
What is the remainder when 6334 is divided by 764?
222
What is the remainder when 19564 is divided by 98?
62
What is the remainder when 28200 is divided by 1880?
0
Calculate the remainder when 48696 is divided by 402.
54
What is the remainder when 6225 is divided by 70?
65
What is the remainder when 1244 is divided by 130?
74
Calculate the remainder when 4153 is divided by 139.
122
Calculate the remainder when 2120 is divided by 235.
5
Calculate the remainder when 7599 is divided by 57.
18
What is the remainder when 154807 is divided by 20?
7
What is the remainder when 3386 is divided by 52?
6
What is the remainder when 2180 is divided by 94?
18
What is the remainder when 8475 is divided by 135?
105
Calculate the remainder when 5129 is divided by 2937.
2192
What is the remainder when 11602 is divided by 885?
97
Calculate the remainder when 712 is divided by 73.
55
Calculate the remainder when 288482 is divided by 41209.
19
What is the remainder when 82225 is divided by 691?
687
What is the remainder when 48506 is divided by 449?
14
Calculate the remainder when 14349 is divided by 127.
125
What is the remainder when 9987 is divided by 1134?
915
What is the remainder when 80239 is divided by 16?
15
What is the remainder when 10933 is divided by 288?
277
Calculate the remainder when 5187 is divided by 4937.
250
What is the remainder when 48232 is divided by 16073?
13
What is the remainder when 3203 is divided by 7?
4
Calculate the remainder when 149632 is divided by 163.
161
What is the remainder when 10304 is divided by 2575?
4
What is the remainder when 31379 is divided by 430?
419
Calculate the remainder when 8824 is divided by 2920.
64
Calculate the remainder when 6472 is divided by 1583.
140
What is the remainder when 112399 is divided by 68?
63
Calculate the remainder when 678 is divided by 163.
26
Calculate the remainder when 31495 is divided by 10.
5
Calculate the remainder when 1935296 is divided by 39.
38
Calculate the remainder when 15836 is divided by 30.
26
Calculate the remainder when 16151 is divided by 8.
7
Calculate the remainder when 152 is divided by 107.
45
What is the remainder when 1213 is divided by 394?
31
What is the remainder when 1142 is divided by 312?
206
What is the remainder when 10127725 is divided by 13?
10
Calculate the remainder when 16917 is divided by 58.
39
Calculate the remainder when 821498 is divided by 124.
122
What is the remainder when 3696 is divided by 45?
6
What is the remainder when 183702 is divided by 61?
31
Calculate the remainder when 31802 is divided by 112.
106
What is the remainder when 69247 is divided by 637?
451
What is the remainder when 33066 is divided by 175?
166
What is the remainder when 2583619 is divided by 65?
64
Calculate the remainder when 4514 is divided by 215.
214
What is the remainder when 17940 is divided by 14?
6
What is the remainder when 548 is divided by 5?
3
What is the remainder when 41389 is divided by 418?
7
Calculate the remainder when 29120 is divided by 29043.
77
What is the remainder when 1966 is divided by 560?
286
What is the remainder when 89178 is divided by 91?
89
What is the remainder when 58285 is divided by 145?
140
Calculate the remainder when 17343 is divided by 399.
186
What is the remainder when 1037 is divided by 116?
109
Calculate the remainder when 30771 is divided by 6.
3
Calculate the remainder when 725955 is divided by 197.
10
Calculate the remainder when 22548 is divided by 14.
8
What is the remainder when 16385 is divided by 77?
61
What is the remainder when 8101 is divided by 268?
61
Calculate the remainder when 2719 is divided by 884.
67
What is the remainder when 7678 is divided by 53?
46
Calculate the remainder when 7257 is divided by 233.
34
What is the remainder when 515996 is divided by 258?
254
What is the remainder when 5387 is divided by 526?
127
What is the remainder when 88771 is divided by 236?
35
What is the remainder when 34297 is divided by 166?
101
Calculate the remainder when 12353 is divided by 156.
29
What is the remainder when 115582 is divided by 86?
84
Calculate the remainder when 65277 is divided by 272.
269
Calculate the remainder when 174886 is divided by 25.
11
What is the remainder when 33978 is divided by 4852?
14
Calculate the remainder when 47421 is divided by 142.
135
What is the remainder when 1064 is divided by 195?
89
Calculate the remainder when 23045 is divided by 536.
533
Calculate the remainder when 25296 is divided by 328.
40
Calculate the remainder when 20392 is divided by 158.
10
What is the remainder when 277499 is divided by 15?
14
Calculate the remainder when 45915 is divided by 7607.
273
Calculate the remainder when 6283 is divided by 368.
27
What is the remainder when 65063 is divided by 986?
973
Calculate the remainder when 71911 is divided by 80.
71
What is the remainder when 59092 is divided by 223?
220
Calculate the remainder when 1114 is divided by 36.
34
Calculate the remainder when 5467 is divided by 205.
137
Calculate the remainder when 4137 is divided by 1023.
45
Calculate the remainder when 35419 is divided by 115.
114
What is the remainder when 70755 is divided by 475?
455
What is the remainder when 3596 is divided by 1742?
112
Calculate the remainder when 764 is divided by 10.
4
Calculate the remainder when 1428 is divided by 10.
8
What is the remainder when 35107 is divided by 948?
31
What is the remainder when 877 is divided by 301?
275
What is the remainder when 2021 is divided by 403?
6
Calculate the remainder when 403 is divided by 127.
22
Calculate the remainder when 1289 is divided by 342.
263
Calculate the remainder when 20795 is divided by 226.
3
What is the remainder when 3327 is divided by 97?
29
What is the remainder when 1634 is divided by 330?
314
What is the remainder when 17814 is divided by 180?
174
Calculate the remainder when 1465206 is divided by 17.
10
What is the remainder when 106331 is divided by 28?
15
What is the remainder when 5570864 is divided by 15?
14
Calculate the remainder when 92800 is divided by 157.
13
What is the remainder when 1542846 is divided by 7312?
14
What is the remainder when 864 is divided by 433?
431
What is the remainder when 10420 is divided by 163?
151
What is the remainder when 40909 is divided by 1244?
1101
What is the remainder when 3494 is divided by 534?
290
What is the remainder when 66924 is divided by 18?
0
Calculate the remainder when 32086 is divided by 783.
766
What is the remainder when 415 is divided by 31?
12
Calculate the remainder when 20431 is divided by 583.
26
What is the remainder when 4593 is divided by 270?
3
What is the remainder when 8411 is divided by 2069?
135
Calculate the remainder when 45628 is divided by 11403.
16
What is the remainder when 3914 is divided by 1957?
0
Calculate the remainder when 7036 is divided by 306.
304
What is the remainder when 250 is divided by 190?
60
Calculate the remainder when 17807 is divided by 414.
5
What is the remainder when 2579 is divided by 2475?
104
What is the remainder when 54571 is divided by 10914?
1
Calculate the remainder when 2929 is divided by 199.
143
What is the remainder when 5891 is divided by 87?
62
Calculate the remainder when 374355 is divided by 15598.
3
What is the remainder when 24721 is divided by 263?
262
What is the remainder when 206428 is divided by 397?
385
Calculate the remainder when 83779 is divided by 83709.
70
What is the remainder when 1106 is divided by 849?
257
Calculate the remainder when 47404 is divided by 9465.
79
Calculate the remainder when 1908 is divided by 647.
614
Calculate the remainder when 531218 is divided by 159.
158
Calculate the remainder when 848 is divided by 596.
252
Calculate the remainder when 160576 is divided by 85.
11
Calculate the remainder 